{"id":1218,"date":"2026-03-29T20:13:37","date_gmt":"2026-03-29T20:13:37","guid":{"rendered":"https:\/\/primeguestamenities.com\/?page_id=1218"},"modified":"2026-04-10T20:36:40","modified_gmt":"2026-04-10T20:36:40","slug":"hakkimizda","status":"publish","type":"page","link":"https:\/\/primeguestamenities.com\/index.php\/hakkimizda\/","title":{"rendered":"hakk\u0131m\u0131zda"},"content":{"rendered":"\t\t<div data-elementor-type=\"wp-page\" data-elementor-id=\"1218\" class=\"elementor elementor-1218\">\n\t\t\t\t<div class=\"elementor-element elementor-element-6705b8c e-con-full e-flex e-con e-parent\" data-id=\"6705b8c\" data-element_type=\"container\" data-settings=\"{&quot;background_background&quot;:&quot;classic&quot;}\">\n\t\t<div class=\"elementor-element elementor-element-88b14a8 e-flex e-con-boxed elementor-invisible e-con e-child\" data-id=\"88b14a8\" data-element_type=\"container\" data-settings=\"{&quot;animation&quot;:&quot;fadeIn&quot;,&quot;background_background&quot;:&quot;classic&quot;}\">\n\t\t\t\t\t<div class=\"e-con-inner\">\n\t\t\t\t<div class=\"elementor-element elementor-element-b142292 elementor-widget elementor-widget-heading\" data-id=\"b142292\" data-element_type=\"widget\" data-widget_type=\"heading.default\">\n\t\t\t\t\t<h1 class=\"elementor-heading-title elementor-size-default\">Hakk\u0131m\u0131zda<\/h1>\t\t\t\t<\/div>\n\t\t\t\t\t<\/div>\n\t\t\t\t<\/div>\n\t\t<div class=\"elementor-element elementor-element-cf361bb e-flex e-con-boxed e-con e-child\" data-id=\"cf361bb\" data-element_type=\"container\" data-settings=\"{&quot;background_background&quot;:&quot;classic&quot;}\">\n\t\t\t\t\t<div class=\"e-con-inner\">\n\t\t\t\t<div class=\"elementor-element elementor-element-cf8e10f elementor-widget elementor-widget-text-editor\" data-id=\"cf8e10f\" data-element_type=\"widget\" data-widget_type=\"text-editor.default\">\n\t\t\t\t\t\t\t\t\t<p>Prime Guest Amenities olarak oteller, hastaneler ve konaklama tesisleri i\u00e7in y\u00fcksek kalite standartlar\u0131nda buklet ve ki\u015fisel bak\u0131m \u00fcr\u00fcnleri sunuyoruz.<br data-start=\"1043\" data-end=\"1046\" \/>Amac\u0131m\u0131z sadece \u00fcr\u00fcn sa\u011flamak de\u011fil, markan\u0131za de\u011fer katan bir deneyim sunmakt\u0131r.<\/p>\t\t\t\t\t\t\t\t<\/div>\n\t\t\t\t<div class=\"elementor-element elementor-element-d57ef17 elementor-widget elementor-widget-button\" data-id=\"d57ef17\" data-element_type=\"widget\" data-widget_type=\"button.default\">\n\t\t\t\t\t\t\t\t\t\t<a class=\"elementor-button elementor-button-link elementor-size-sm\" href=\"https:\/\/wa.me\/905441433081\">\n\t\t\t\t\t\t<span class=\"elementor-button-content-wrapper\">\n\t\t\t\t\t\t\t\t\t<span class=\"elementor-button-text\">Teklif Al<\/span>\n\t\t\t\t\t<\/span>\n\t\t\t\t\t<\/a>\n\t\t\t\t\t\t\t\t<\/div>\n\t\t\t\t\t<\/div>\n\t\t\t\t<\/div>\n\t\t\t\t<\/div>\n\t\t<div class=\"elementor-element elementor-element-0441394 e-grid e-con-boxed e-con e-parent\" data-id=\"0441394\" data-element_type=\"container\">\n\t\t\t\t\t<div class=\"e-con-inner\">\n\t\t\t\t<div class=\"elementor-element elementor-element-85254fc elementor-widget elementor-widget-image\" data-id=\"85254fc\" data-element_type=\"widget\" data-widget_type=\"image.default\">\n\t\t\t\t\t\t\t\t\t\t\t\t\t\t\t<img fetchpriority=\"high\" decoding=\"async\" width=\"768\" height=\"429\" src=\"https:\/\/primeguestamenities.com\/wp-content\/uploads\/2026\/04\/stone-paper-768x429.jpg\" class=\"attachment-medium_large size-medium_large wp-image-1351\" alt=\"\" srcset=\"https:\/\/primeguestamenities.com\/wp-content\/uploads\/2026\/04\/stone-paper-768x429.jpg 768w, https:\/\/primeguestamenities.com\/wp-content\/uploads\/2026\/04\/stone-paper-300x167.jpg 300w, https:\/\/primeguestamenities.com\/wp-content\/uploads\/2026\/04\/stone-paper-1024x572.jpg 1024w, https:\/\/primeguestamenities.com\/wp-content\/uploads\/2026\/04\/stone-paper-1536x857.jpg 1536w, https:\/\/primeguestamenities.com\/wp-content\/uploads\/2026\/04\/stone-paper-2048x1143.jpg 2048w\" sizes=\"(max-width: 768px) 100vw, 768px\" \/>\t\t\t\t\t\t\t\t\t\t\t\t\t\t\t<\/div>\n\t\t\t\t<div class=\"elementor-element elementor-element-eb35ee0 elementor-widget elementor-widget-text-editor\" data-id=\"eb35ee0\" data-element_type=\"widget\" data-widget_type=\"text-editor.default\">\n\t\t\t\t\t\t\t\t\t<p>Konaklama sekt\u00f6r\u00fcnde misafir deneyiminin en \u00f6nemli unsurlar\u0131ndan biri detaylard\u0131r. Bir misafirin odaya girdi\u011fi andan itibaren kar\u015f\u0131la\u015ft\u0131\u011f\u0131 her k\u00fc\u00e7\u00fck dokunu\u015f, otelin sundu\u011fu hizmet kalitesinin bir yans\u0131mas\u0131d\u0131r.<\/p><p>Biz, otellerin konseptine ve mimari yap\u0131s\u0131na uyum sa\u011flayan \u00f6zg\u00fcn tasar\u0131mlar ve kaliteli buklet \u00fcr\u00fcnleri geli\u015ftirerek misafirlerin konaklama deneyimini daha konforlu, estetik ve unutulmaz hale getirmek amac\u0131yla yola \u00e7\u0131kt\u0131k.<\/p>\t\t\t\t\t\t\t\t<\/div>\n\t\t\t\t\t<\/div>\n\t\t\t\t<\/div>\n\t\t<div class=\"elementor-element elementor-element-9fbb9e0 e-grid e-con-boxed e-con e-parent\" data-id=\"9fbb9e0\" data-element_type=\"container\">\n\t\t\t\t\t<div class=\"e-con-inner\">\n\t\t\t\t<div class=\"elementor-element elementor-element-a171092 elementor-widget elementor-widget-image\" data-id=\"a171092\" data-element_type=\"widget\" data-widget_type=\"image.default\">\n\t\t\t\t\t\t\t\t\t\t\t\t\t\t\t<img decoding=\"async\" width=\"768\" height=\"429\" src=\"https:\/\/primeguestamenities.com\/wp-content\/uploads\/2026\/03\/luxury_hotel_bathroom_202603311439-768x429.jpg\" class=\"attachment-medium_large size-medium_large wp-image-1269\" alt=\"\" srcset=\"https:\/\/primeguestamenities.com\/wp-content\/uploads\/2026\/03\/luxury_hotel_bathroom_202603311439-768x429.jpg 768w, https:\/\/primeguestamenities.com\/wp-content\/uploads\/2026\/03\/luxury_hotel_bathroom_202603311439-300x167.jpg 300w, https:\/\/primeguestamenities.com\/wp-content\/uploads\/2026\/03\/luxury_hotel_bathroom_202603311439-1024x572.jpg 1024w, https:\/\/primeguestamenities.com\/wp-content\/uploads\/2026\/03\/luxury_hotel_bathroom_202603311439-1536x857.jpg 1536w, https:\/\/primeguestamenities.com\/wp-content\/uploads\/2026\/03\/luxury_hotel_bathroom_202603311439-2048x1143.jpg 2048w\" sizes=\"(max-width: 768px) 100vw, 768px\" \/>\t\t\t\t\t\t\t\t\t\t\t\t\t\t\t<\/div>\n\t\t\t\t<div class=\"elementor-element elementor-element-aed0096 elementor-invisible elementor-widget elementor-widget-text-editor\" data-id=\"aed0096\" data-element_type=\"widget\" data-settings=\"{&quot;_animation&quot;:&quot;fadeIn&quot;}\" data-widget_type=\"text-editor.default\">\n\t\t\t\t\t\t\t\t\t<p>Banyo \u00fcr\u00fcnlerinden ki\u015fisel bak\u0131m setlerine, hijyen \u00fcr\u00fcnlerinden tamamlay\u0131c\u0131 amenity \u00e7\u00f6z\u00fcmlerine kadar geni\u015f \u00fcr\u00fcn portf\u00f6y\u00fcm\u00fcz ile oteller, hastaneler ve t\u00fcm konaklama tesisleri i\u00e7in profesyonel tedarik \u00e7\u00f6z\u00fcmleri sunuyoruz. Minimalist tasar\u0131m anlay\u0131\u015f\u0131, farkl\u0131 ambalaj se\u00e7enekleri ve y\u00fcksek kalite standartlar\u0131yla tesislerin ihtiya\u00e7lar\u0131na \u00f6zel \u00e7\u00f6z\u00fcmler geli\u015ftiriyoruz.<\/p><p>Ayn\u0131 zamanda s\u00fcrd\u00fcr\u00fclebilir \u00fcretim anlay\u0131\u015f\u0131n\u0131 benimseyerek do\u011faya duyarl\u0131 ambalaj ve \u00fcr\u00fcn alternatifleri sunuyor, gelecek nesiller i\u00e7in daha temiz bir d\u00fcnya b\u0131rakma sorumlulu\u011fuyla hareket ediyoruz.<\/p>\t\t\t\t\t\t\t\t<\/div>\n\t\t\t\t\t<\/div>\n\t\t\t\t<\/div>\n\t\t<div class=\"elementor-element elementor-element-c23a928 e-grid e-con-boxed e-con e-parent\" data-id=\"c23a928\" data-element_type=\"container\">\n\t\t\t\t\t<div class=\"e-con-inner\">\n\t\t\t\t<div class=\"elementor-element elementor-element-5994959 elementor-widget elementor-widget-image\" data-id=\"5994959\" data-element_type=\"widget\" data-widget_type=\"image.default\">\n\t\t\t\t\t\t\t\t\t\t\t\t\t\t\t<img decoding=\"async\" width=\"768\" height=\"429\" src=\"https:\/\/primeguestamenities.com\/wp-content\/uploads\/2026\/04\/A_realistic_and_202604022239-768x429.jpg\" class=\"attachment-medium_large size-medium_large wp-image-1334\" alt=\"\" srcset=\"https:\/\/primeguestamenities.com\/wp-content\/uploads\/2026\/04\/A_realistic_and_202604022239-768x429.jpg 768w, https:\/\/primeguestamenities.com\/wp-content\/uploads\/2026\/04\/A_realistic_and_202604022239-300x167.jpg 300w, https:\/\/primeguestamenities.com\/wp-content\/uploads\/2026\/04\/A_realistic_and_202604022239-1024x572.jpg 1024w, https:\/\/primeguestamenities.com\/wp-content\/uploads\/2026\/04\/A_realistic_and_202604022239-1536x857.jpg 1536w, https:\/\/primeguestamenities.com\/wp-content\/uploads\/2026\/04\/A_realistic_and_202604022239-2048x1143.jpg 2048w\" sizes=\"(max-width: 768px) 100vw, 768px\" \/>\t\t\t\t\t\t\t\t\t\t\t\t\t\t\t<\/div>\n\t\t\t\t<div class=\"elementor-element elementor-element-60481b4 animated-slow elementor-invisible elementor-widget elementor-widget-text-editor\" data-id=\"60481b4\" data-element_type=\"widget\" data-settings=\"{&quot;_animation&quot;:&quot;fadeIn&quot;}\" data-widget_type=\"text-editor.default\">\n\t\t\t\t\t\t\t\t\t<p>Bizim i\u00e7in her i\u015f ortakl\u0131\u011f\u0131 uzun vadeli bir g\u00fcven ili\u015fkisidir. Birlikte \u00e7al\u0131\u015ft\u0131\u011f\u0131m\u0131z i\u015fletmeleri yaln\u0131zca m\u00fc\u015fterimiz de\u011fil, b\u00fcy\u00fcme yolculu\u011fumuzun bir par\u00e7as\u0131 olarak g\u00f6r\u00fcyoruz. Onlar\u0131n ba\u015far\u0131s\u0131, bizim ba\u015far\u0131m\u0131zd\u0131r.<\/p><p>Konaklama sekt\u00f6r\u00fcnde kalite, g\u00fcven ve tasar\u0131m\u0131n bir araya geldi\u011fi \u00e7\u00f6z\u00fcmler sunarak sekt\u00f6r\u00fcn en \u00e7ok tercih edilen amenity tedarik\u00e7ilerinden biri olma hedefiyle \u00e7al\u0131\u015fmalar\u0131m\u0131za devam ediyoruz.<\/p>\t\t\t\t\t\t\t\t<\/div>\n\t\t\t\t\t<\/div>\n\t\t\t\t<\/div>\n\t\t\t\t<\/div>\n\t\t","protected":false},"excerpt":{"rendered":"<p>Hakk\u0131m\u0131zda Prime Guest Amenities olarak oteller, hastaneler ve konaklama tesisleri i\u00e7in y\u00fcksek kalite standartlar\u0131nda buklet ve ki\u015fisel bak\u0131m \u00fcr\u00fcnleri sunuyoruz.Amac\u0131m\u0131z sadece \u00fcr\u00fcn sa\u011flamak de\u011fil, markan\u0131za de\u011fer katan bir deneyim sunmakt\u0131r. Teklif Al Konaklama sekt\u00f6r\u00fcnde misafir deneyiminin en \u00f6nemli unsurlar\u0131ndan biri detaylard\u0131r. Bir misafirin odaya girdi\u011fi andan itibaren kar\u015f\u0131la\u015ft\u0131\u011f\u0131 her k\u00fc\u00e7\u00fck dokunu\u015f, otelin sundu\u011fu hizmet kalitesinin [&hellip;]<\/p>\n","protected":false},"author":1,"featured_media":0,"parent":0,"menu_order":0,"comment_status":"closed","ping_status":"closed","template":"elementor_header_footer","meta":{"footnotes":""},"class_list":["post-1218","page","type-page","status-publish","hentry"],"_links":{"self":[{"href":"https:\/\/primeguestamenities.com\/index.php\/wp-json\/wp\/v2\/pages\/1218","targetHints":{"allow":["GET"]}}],"collection":[{"href":"https:\/\/primeguestamenities.com\/index.php\/wp-json\/wp\/v2\/pages"}],"about":[{"href":"https:\/\/primeguestamenities.com\/index.php\/wp-json\/wp\/v2\/types\/page"}],"author":[{"embeddable":true,"href":"https:\/\/primeguestamenities.com\/index.php\/wp-json\/wp\/v2\/users\/1"}],"replies":[{"embeddable":true,"href":"https:\/\/primeguestamenities.com\/index.php\/wp-json\/wp\/v2\/comments?post=1218"}],"version-history":[{"count":64,"href":"https:\/\/primeguestamenities.com\/index.php\/wp-json\/wp\/v2\/pages\/1218\/revisions"}],"predecessor-version":[{"id":1565,"href":"https:\/\/primeguestamenities.com\/index.php\/wp-json\/wp\/v2\/pages\/1218\/revisions\/1565"}],"wp:attachment":[{"href":"https:\/\/primeguestamenities.com\/index.php\/wp-json\/wp\/v2\/media?parent=1218"}],"curies":[{"name":"wp","href":"https:\/\/api.w.org\/{rel}","templated":true}]}}